 110 + 131. What is the remainder when j is divided by 19?
13
Let c(t) = t**3 - 6*t**2 + 4*t + 4. Let k be c(5). Suppose 3*q - 2*z = -7, 3*q - z = 1 - 6. What is the remainder when 74 is divided by 19 + (k - q)*1?
17
Let c(g) = g**2 + 18*g - 14. Let w be c(-15). Let s = w + 87. Calculate the remainder when s is divided by 15.
13
Let p = 102 + 727. What is the remainder when p is divided by 13?
10
Suppose -5*w = x - 117, 7*x - 3*x = 5*w + 493. What is the remainder when x is divided by 43?
36
Let l = 122 + -203. Let j = l + 136. What is the remainder when j is divided by 19?
17
Let i(r) = -r**3 - 9*r**2 + 6*r + 10. Calculate the remainder when i(-10) is divided by 33.
17
Calculate the remainder when 328 is divided by (-1)/((-7)/396) + 93/217.
43
Let g = -59 + 68. Let p(d) = -d + 2. Let h be p(0). Suppose g = h*y + q, 3*q - 5 = 5*y - 0*q. What is the remainder when 7 is divided by y?
1
Suppose -3*b = -b - 192. Suppose 106 = 5*w + 3*a - 378, -w - a = -b. Calculate the remainder when w is divided by 33.
32
Let a be 8/(-12) + (-68)/6. Let c be a/8*(-4)/(-6). Calculate the remainder when 37 is divided by 3/c + 3 + 8.
5
Let y = 108 + -47. Suppose -4*m - 8*p + 7*p + 90 = 0, 4*p - y = -3*m. Calculate the remainder when (-2)/3*3 - -70 is divided by m.
22
Let b = 20 + -7. Calculate the remainder when (-1)/4 + 6579/172 is divided by b.
12
Let l = 11055 + -11037. Calculate the remainder when (-458)/(-14) + 2/7 is divided by l.
15
Suppose 0 = -5*z + 3*h + 2754, -12*z - 1653 = -15*z + 2*h. Calculate the remainder when z is divided by 69.
66
Suppose 0 = -11*a + 13*a - 16. Let m = a + 11. Calculate the remainder when m is divided by 10.
9
What is the remainder when (242 - -2) + (-8 - -8) is divided by 28?
20
Let s(i) = i**2 + 4*i - 19. Suppose 7*k - 7 = a + 5*k, -4*a + k = 49. Calculate the remainder when s(a) is divided by 17.
13
Let n = 969 - 676. What is the remainder when n is divided by 21?
20
Let u(r) = -172*r**3 + r**2 + 2*r + 1. Let f(v) = v**2 + 10*v - 1. Let n be f(-10). What is the remainder when u(n) is divided by 58?
56
Let r(q) = q**2 - 4*q - 100. Let h be r(0). Let g = h + 133. Calculate the remainder when 96 is divided by g.
30
Let a = 514 + -492. Calculate the remainder when 61 is divided by a.
17
Suppose 0 = 2*v - 10 + 2. Suppose -24 - 32 = -v*i. What is the remainder when 68 is divided by i?
12
What is the remainder when 3366/90 - 4/10 is divided by 23?
14
Let a = 817 - 360. Calculate the remainder when a is divided by 23.
20
Let v be (-4)/12 - (-176)/(-3). Let t = v + 117. Suppose 4*f + 5*x - 29 - 31 = 0, 30 = 2*f + 5*x. Calculate the remainder when t is divided by f.
13
Let p(a) = -7*a + 57. Calculate the remainder when 162 is divided by p(6).
12
Suppose -10*s = -17*s + 14. Suppose s*g = -2*k - 2 + 32, -4*g - 84 = -5*k. What is the remainder when 78 is divided by k?
14
Suppose -23 - 7 = -j. Calculate the remainder when j is divided by (1209/26)/31*(-28)/(-3).
2
Suppose 105*j = 116*j - 671. Calculate the remainder when j is divided by 2.
1
Suppose 3*r = 2*r + 4, r - 64 = -4*z. Suppose -4*n = -2*i - 2, 3*n = 5*i - 23 + 7. Let u = 68 + n. What is the remainder when u is divided by z?
11
Let n(y) = 22*y - 244. Calculate the remainder when n(16) is divided by 23.
16
Suppose 2*m - 21*j = -20*j + 193, -j = -m + 98. What is the remainder when 474 is divided by m?
94
Let x = 2 + -2. Let v(u) = u**2 + u + 15. Let l be v(x). Let c = l + -9. Calculate the remainder when 9 is divided by c.
3
Let h(d) = d**2 - 4. Let p(m) = -m**2 - 56*m - 413. Calculate the remainder when p(-10) is divided by h(-4).
11
Let d(q) = -2*q**3 - 3*q**2 + 3*q. Let h be d(-3). Suppose 3*s + h = -9. Let v = s - -25. What is the remainder when v is divided by 9?
7
Let h = -147 + 338. Let w(r) = 3*r**3 + 2*r**2 + 2*r - 4. Calculate the remainder when h is divided by w(2).
31
Let a(y) = -11*y - 49. Let d(z) = 23*z + 98. Let b(x) = 5*a(x) + 2*d(x). What is the remainder when 18 is divided by b(-6)?
3
Suppose 158 = 5*x - 27. Calculate the remainder when 254 is divided by x.
32
Let o(m) = -54*m + 310. Calculate the remainder when o(4) is divided by 26.
16
Let w be -24 - -6*(-2)/(-3). Let m = w - -27. Calculate the remainder when 19 is divided by m.
5
Calculate the remainder when (-188*1)/(8/20 - (-72)/(-30)) is divided by 148/6 + 1/3.
19
Let s be 1/(0 - 5/15). Let f(b) = 30*b + 4. Let i be f(s). What is the remainder when (3 - i)*(1 + 0) is divided by 15?
14
Suppose 0 = 7*d - 3*d - 148. Let b = 46 - d. What is the remainder when 15 is divided by b?
6
What is the remainder when (3 - (-565)/10)*4/2 is divided by 24?
23
Suppose -i - 3*q + 9 = 0, -4*i - 5*q + 0*q = -50. Suppose -5*y = y + 12. Let f = 59 + y. Calculate the remainder when f is divided by i.
12
Suppose -o + 65 + 3 = 5*h, 3*h = -5*o + 32. What is the remainder when 120 is divided by h?
8
Suppose -2*p - 4*p - 6 = 0. Calculate the remainder when 49 is divided by p/(1 - 42/39).
10
Let u be (-6)/(-4)*(-40)/(-6). Let v be (u/(-4))/(15/(-12)). Suppose 10 = g - v. What is the remainder when 23 is divided by g?
11
Let s be (4/(48/39))/((-1)/(-8)). Suppose 3*k - 10 = s. Calculate the remainder when 58 is divided by k.
10
Suppose -2226 = -17*g - 25*g. What is the remainder when 327 is divided by g?
9
Let b(d) = 3*d**3 + 5*d**2 - d - 3. Let t be b(4). Let c = t + -92. Let a = c - 89. Calculate the remainder when a is divided by 29.
26
Suppose 49 = c - 2*q, 24 = -c - q + 73. What is the remainder when c is divided by 3?
1
Let m be (9/12)/(9/(-8))*-18. What is the remainder when 27 is divided by 17/3 + (-1)/m*-4?
3
What is the remainder when 1 - (-73 - (-3 - -2)) is divided by -2*(-18)/6 - -13?
16
Suppose -10 = 9*x - 14*x. What is the remainder when 37 is divided by x?
1
Let o(s) = -3*s - 18. Suppose 0 = -4*z - 3*n - 34, -3*n = 4*z + n + 32. Let b be o(z). Let j = b + 2. Calculate the remainder when j is divided by 8.
6
Let t be (-230)/4 - (-4)/(-8). Let k(m) = 3*m + 3. Let r be k(-5). Let u = r - t. What is the remainder when u is divided by 16?
14
Suppose 5*u = -4*b + 34, -u - 4*b - b - 10 = 0. Let p = 45 - 103. Let t = 87 + p. What is the remainder when t is divided by u?
9
Let o(m) = -129*m + 40. Calculate the remainder when o(-1) is divided by 21.
1
Let m = -32 - -36. Suppose -s = f - 28 + 8, 2*s = 2*f - 24. Calculate the remainder when f is divided by m.
0
Suppose -256*w + 162 = -247*w. What is the remainder when 107 is divided by w?
17
Let s be 0/(-1 - -2) + 2. Suppose 0 = -2*d - s*d + 76. Suppose -m = 2, 2*c + 10 = -3*m + 76. What is the remainder when c is divided by d?
17
Let m = -30 - -33. Let t be m - (6 - 0) - -9. Suppose 52 = -2*w + t*w. Calculate the remainder when 50 is divided by w.
11
Let m = 18 + -13. Let b(q) = -q + 4. Let p be b(m). What is the remainder when 25 is divided by 11 + p/((-3)/(-6))?
7
Let b be -2*(10/(-4) - -4). Let q(t) = 3*t**2 - 3*t - 6. Let r be q(b). Let g = r + -20. Calculate the remainder when 49 is divided by g.
9
Let v(p) = 2*p**3 + 78*p**2 - 3*p - 108. What is the remainder when 136 is divided by v(-39)?
1
Let d(t) = -52*t**3 + 8*t**2 + 5*t. Calculate the remainder when d(-3) is divided by 17.
16
Let m(o) = o**3 + 8*o**2 + 12*o + 40. Let r be m(-7). Suppose -2*y - 5*w = -26, -36 = -10*y + r*y + 2*w. Calculate the remainder when y is divided by 5.
3
Let h(r) = r**2 - 9*r - 20. Calculate the remainder when h(13) is divided by 12.
8
Let q = 39 + 104. Suppose 15*d = 4*d + q. Let l(n) = 7*n**2 + 2*n - 1. Calculate the remainder when d is divided by l(1).
5
Let h(x) = 3*x**3 + 3*x + 15. Calculate the remainder when 104 is divided by h(0).
14
Suppose 0*b - 36 = -2*b. Let w = b - 13. Suppose w*d + 23 - 133 = 0. What is the remainder when d is divided by 13?
9
Let j = -187 + 300. What is the remainder when j is divided by 8?
1
Suppose 2*r = -r. Suppose -6*t = -156 - r. Suppose f + 2*f = 303. Calculate the remainder when f is divided by t.
23
Calculate the remainder when 81 is divided by (6/(-18))/(5/(-315)).
18
Let g = 303 + -245. Calculate the remainder when g is divided by 15.
13
Let k(u) = -4*u - 26. Let s be k(-7). Suppose 8*a = -s*a + 500. Calculate the remainder when a is divided by 9.
5
Suppose -210 = -153*r + 139*r. Calculate the remainder when 103 is divided by r.
13
Let y be (3 + -2)*2*-1.